 = p - u. What is the units digit of l?
7
Suppose 5*a = -z - 1418 + 6491, 5*a = -3*z + 15189. What is the tens digit of z?
5
Let h(a) = 38*a - 56. What is the units digit of h(13)?
8
Suppose 10 = 3*j + 2*b, 5*b - 15 = -5*j - 0. Suppose 4*d - 11 = g, -j*g + 30 = 10. Suppose -v = 3*v - d. What is the units digit of v?
1
Suppose 0*b + 4*d - 677 = -b, 1336 = 2*b + 2*d. Suppose a = -6*a + b. What is the tens digit of a?
9
Let w = 4 + 0. Let p be 0*(w - 3)*-1. Suppose p = -2*j + j + 5. What is the units digit of j?
5
Let a = 2015 - 1499. What is the units digit of a?
6
Let v(d) = -d**3 + 10*d**2 + 4*d - 13. Let s be v(10). Suppose -s = -5*a + 8*a. What is the units digit of (-65)/a - (-24)/(-108)?
7
Let a(z) = 2*z**2 - 15*z + 52. What is the units digit of a(6)?
4
Let w = 5 - 8. Let o(p) = 10*p**2 - p + 4. What is the units digit of o(w)?
7
Let j = -129 + 41. Let w = j + 123. What is the units digit of w?
5
Let x(m) = m**2 + m + m - 10*m - 10. Let i(u) = -4*u + 46. Let a be i(9). What is the tens digit of x(a)?
1
Let d(m) = -3*m**2 + 12*m - 7. Let a(t) = -16*t**2 + 60*t - 35. Let x(o) = 2*a(o) - 11*d(o). What is the units digit of x(16)?
1
Let z = 142 + 1851. What is the tens digit of z?
9
Let o = -10 + -4. Let k be ((-2)/4)/((-1)/30). Let x = o + k. What is the units digit of x?
1
Let q(g) = -5*g**3 + 1. Let j = -1 - -1. Suppose -n - 5 + 4 = j. What is the units digit of q(n)?
6
What is the tens digit of (-208)/260*(-745)/4?
4
Let d(n) = -53 - 4*n + 3*n - 2*n + 48. Let h = 1 + -4. What is the units digit of d(h)?
4
Let p be 2*(4/10 - (-310)/(-25)). What is the units digit of ((-12)/p)/(2/476)?
9
Let m = 23 - 20. What is the tens digit of m*-1*(-261)/27?
2
Suppose -66*u + 224 = -85048. What is the thousands digit of u?
1
Let r(u) be the third derivative of u**4/8 + 4*u**3/3 - 2*u**2 + 90*u. Suppose -4*n + 4 = -3*n. What is the tens digit of r(n)?
2
Suppose t + 6*t - 3822 = 0. What is the hundreds digit of t?
5
Let l = -4 - -9. Suppose -3*d + 3 = 2*p, -l*d = -5*p - 7 + 2. Suppose p = -2*z + 5*z - 9. What is the units digit of z?
3
Suppose 0 = -2*x + 5 + 3. Suppose 4*b - t + 0*t + 6 = 0, 12 = -x*b + 4*t. What is the tens digit of 11 + b/(-3)*3?
1
Suppose -8 = 4*u + 4*w, -3*w = 2*u + w + 12. Let z = 12 - u. Let l = z + 6. What is the units digit of l?
6
Let b(k) = -148*k + 483. What is the hundreds digit of b(-3)?
9
Let y = -12151 - -17050. What is the tens digit of y?
9
Suppose 3*h + 199 = -2*c, -2*c - 2*h - 296 = c. What is the tens digit of (-15 + 20)*c/(-10)?
4
Let k(s) = -s**2 - 3*s + 2. Let p be k(-4). Let y be p/(-14) - 1004/(-28). Let o = -12 + y. What is the units digit of o?
4
Let b = 6 - 1. Let x(l) = 3*l + 17. Let n be x(8). Suppose -11 = b*r - n. What is the units digit of r?
6
Let j = 1121 - 65. What is the tens digit of j?
5
Let k be 274/10 - 2/5. Suppose 0 = -2*r + 3*y - 8, 5*y = -4*r + 8 - 2. Let g = r + k. What is the tens digit of g?
2
Let u(f) = -f**3 + 4*f**2 - 4*f + 5. Let n be u(3). Suppose 3*x + 108 = 2*m, 3*m + n*m - x - 257 = 0. What is the tens digit of m?
5
Let t = -4 + 7. Suppose 5*h = 3*y - 136, -t*y = -5*y + 4*h + 94. Let u = y - 23. What is the units digit of u?
4
Let a be ((-5)/2 - -1)*-2. Suppose 0 = a*l + h - 22, -5*l + 18 = -2*l - 3*h. Suppose -p - 2*b = -20, 4*b = 2*p - 65 - l. What is the units digit of p?
8
Suppose -4*o = -3 - 1. Let n be 18/(3 + o + -3). Let i = 25 - n. What is the units digit of i?
7
Let k(r) = 10*r**2 + 4*r - 2. Let a be k(3). Suppose 0 = -n + a - 41. What is the units digit of n?
9
Suppose 0 = 3*y - y - 2988. What is the units digit of ((-2)/(-3))/(12/y)?
3
Let f(q) = 35*q - 268. What is the units digit of f(21)?
7
Suppose -23*q + 15576 = 10*q. What is the hundreds digit of q?
4
Let v = 13 - -38. Suppose f = -3*m + v, -3*m + 40 + 89 = 3*f. What is the units digit of f?
9
Let k = -8 + 10. Let h(t) = -3*t**3 + 6*t - 10*t**k + 1 - 4*t + 11*t**2. What is the units digit of h(-1)?
3
Let a be (-3)/(((-27)/(-699))/(-3)). Suppose -a - 348 = -7*p. What is the units digit of p?
3
Suppose 560 - 4055 = -5*n. What is the tens digit of n?
9
Let v(u) = 50*u**2 - 12*u + 101. What is the thousands digit of v(-8)?
3
Let r(a) = -61*a - 1. Let n be r(16). What is the units digit of n/(-3) - (-8 + -1)/27?
6
Let z(y) = 2*y - 7. Let i be z(5). Suppose i*a + 22 = 334. Suppose 2*u + 18 - a = 0. What is the tens digit of u?
4
Let l(o) = 402*o + 218. What is the tens digit of l(4)?
2
Let j(g) = -13*g**3 - 2*g**2 + 4*g + 4. What is the hundreds digit of j(-3)?
3
Suppose 250 = 5*z - 5*r, 0 = 3*z + 4*r - 5*r - 158. What is the units digit of z?
4
Suppose 7*a - 687 - 3156 = 0. What is the units digit of a?
9
Let f be 3 - 1 - (-1 - 1). Suppose -f*w + 1 = 2*u - u, 2*w = 3*u - 3. Suppose -20 = -j - 2*x, w = -0*j + 2*j - x - 40. What is the tens digit of j?
2
Let w(i) = -i**2 - i + 4. Let r be w(0). Suppose 4*c - 66 = d + 12, r*c - 2*d - 76 = 0. What is the tens digit of c?
2
Let f = 1741 - -1376. What is the units digit of f?
7
Let n(s) = -s**3 - 5*s**2 - s + 1. Let b be n(-4). Let i be (-1153)/b - 4/(-22). Suppose 4*m + m - i = 0. What is the units digit of m?
1
Suppose -4*f = -3*f + 4*t + 9, 3*f - 3*t - 18 = 0. Suppose -79 = -4*r - 4*v + 77, 2*v = f*r - 132. What is the tens digit of r?
4
Let k(q) = -720 - 13*q**2 - q + 724 - q**3 + 0*q. Let b be (5/(-10))/((-1)/(-26)). What is the units digit of k(b)?
7
Let g be 0/(-3 + -4 + 5). Suppose g = -11*d + 12*d - 210. What is the tens digit of d?
1
Let n = 102 + -126. What is the units digit of (1 - -2)*(-1288)/n?
1
Suppose 0 = -3*w + 4*w - 5. Let v be 11/w - 2/10. Suppose 0 = 3*b + v*b - 60. What is the units digit of b?
2
Let r be 28/36 - 1 - (-182)/9. Suppose 21*w - r*w - 186 = 0. What is the hundreds digit of w?
1
Let s = -6699 + 12556. What is the thousands digit of s?
5
Let u = 102 - 100. Suppose -u*r = -573 + 121. What is the tens digit of r?
2
Let n(k) be the first derivative of k**6/72 + k**5/120 - k**4/12 + 4*k**3/3 - 1. Let l(u) be the third derivative of n(u). What is the tens digit of l(-3)?
4
Suppose -9 = -6*p + 3*p. Suppose 6 = 3*m - 48. Suppose b - m = -p. What is the units digit of b?
5
Let k be (0*4/(-12))/2. Suppose -2*c + 18 + 46 = k. What is the units digit of c?
2
Let x = -102 + 72. Let k = x + 70. What is the units digit of k?
0
Let w(s) = s - 4. Let l be w(7). Suppose -12 = -5*d + l. Suppose -5*o - d + 13 = 0. What is the units digit of o?
2
Let a(m) = -m**3 + 6*m**2 + 7*m - 3. Let w be 6 + (0 - -4)/4. Let y be a(w). Let v = 5 + y. What is the units digit of v?
2
Let c(o) = o**3 - 3*o**2 - 4*o + 3. Suppose 2*x - 3 + 7 = 0, -s + 2*x + 8 = 0. Let m be c(s). What is the units digit of m*88/12 + 1?
3
Suppose 0 = -y + 2*j + 10, j = 4*y - 4*j - 28. Let k(d) = -d**2 + 3*d + 7. Let l be k(5). What is the units digit of y + 24 + 1 + l?
4
What is the tens digit of (-1)/(-11) + 85148/154?
5
Let l be ((-2)/(-4))/((-3)/30). What is the units digit of l/(-15) - 3/((-9)/101)?
4
Let a = 18 + -20. What is the hundreds digit of a/(-15)*-51*-30 + -1?
2
Let t = -100 + 152. Suppose 3*m - t = -5*a + 104, -2*m = 3*a - 105. Suppose -g + m = 2*g + 4*q, 3*q = 3*g - 78. What is the tens digit of g?
2
Suppose -3 = 4*h + 5*m, -6 = 2*h + m - 3. What is the hundreds digit of h - -127 - (2 - 6)?
1
Let n be 40/(-10) - (1*455)/(-1). Suppose 10*b - 29 - n = 0. What is the tens digit of b?
4
Let u = -6130 - -10960. What is the units digit of u?
0
What is the tens digit of (-6929)/(-13) + 2 + (2 - 0)?
3
Suppose 3*q + 3*w = 10 - 4, -4*w + 2 = 2*q. Suppose -c - q*c + 16 = 5*l, 12 = 3*c - 5*l. What is the units digit of (-42)/(-7) + c + -1?
9
Suppose -3*u = 2*u - 270. Suppose -58 = 2*y + 16. Let h = u + y. What is the tens digit of h?
1
Suppose 7*d - 2*d = 30. Let v(s) = s**3 - 6*s**2 + 4*s + 8. What is the tens digit of v(d)?
3
What is the units digit of -3 - (-31)/11 - (-3744)/22?
0
Let u = 2656 - 1764. What is the tens digit of u?
9
Let a = -28 + 31. Suppose 3*h - 2*s = 87, 2*h - 132 = -a*h - s. What is the units digit of h?
7
Let f(t) = -t**3 + 5*t**2 - 33*t - 19. What is the units digit of f(-7)?
0
Let a = 1000 - -1154. What is the thousands digit of a?
2
Suppose z + 14 = s - 0, -5*s + 3*z = -76. Let g = -18 + s. What is the units digit of (0 - -6)*g/(-2)?
3
Let d be (-4)/6*246/(-2). Sup